t of 269009?
6
What is the hundreds digit of 417328?
3
What is the tens digit of 3160659?
5
What is the hundreds digit of 177850?
8
What is the ten thousands digit of 15671354?
7
What is the millions digit of 8302048?
8
What is the ten thousands digit of 793621?
9
What is the thousands digit of 323711?
3
What is the hundred thousands digit of 24341343?
3
What is the units digit of 1447241?
1
What is the tens digit of 904408?
0
What is the hundreds digit of 655428?
4
What is the hundred thousands digit of 233819?
2
What is the thousands digit of 238227?
8
What is the millions digit of 1232902?
1
What is the thousands digit of 546103?
6
What is the hundred thousands digit of 2641028?
6
What is the millions digit of 2424763?
2
What is the hundreds digit of 3092944?
9
What is the hundreds digit of 357810?
8
What is the ten thousands digit of 3060314?
6
What is the tens digit of 1016089?
8
What is the millions digit of 1563810?
1
What is the thousands digit of 86533?
6
What is the tens digit of 3818736?
3
What is the ten thousands digit of 536490?
3
What is the ten thousands digit of 33634070?
3
What is the thousands digit of 16691919?
1
What is the thousands digit of 141422?
1
What is the tens digit of 169420?
2
What is the thousands digit of 1394185?
4
What is the ten thousands digit of 697005?
9
What is the millions digit of 1140247?
1
What is the ten thousands digit of 20285?
2
What is the hundred thousands digit of 12606109?
6
What is the ten thousands digit of 8060405?
6
What is the thousands digit of 247835?
7
What is the tens digit of 211178?
7
What is the units digit of 16043268?
8
What is the hundred thousands digit of 3689193?
6
What is the hundreds digit of 13922684?
6
What is the ten thousands digit of 1937468?
3
What is the hundreds digit of 1563395?
3
What is the ten thousands digit of 713715?
1
What is the millions digit of 1278985?
1
What is the tens digit of 450303?
0
What is the thousands digit of 1182852?
2
What is the hundred thousands digit of 3842860?
8
What is the hundreds digit of 25409752?
7
What is the tens digit of 1758238?
3
What is the millions digit of 2433772?
2
What is the hundred thousands digit of 4764681?
7
What is the ten thousands digit of 46868?
4
What is the hundreds digit of 838222?
2
What is the hundred thousands digit of 992082?
9
What is the thousands digit of 6850544?
0
What is the ten thousands digit of 495081?
9
What is the units digit of 2284448?
8
What is the thousands digit of 2856747?
6
What is the hundred thousands digit of 2855622?
8
What is the hundreds digit of 3817958?
9
What is the hundreds digit of 39039135?
1
What is the units digit of 92819?
9
What is the tens digit of 3949418?
1
What is the units digit of 208734?
4
What is the units digit of 489128?
8
What is the ten thousands digit of 131174?
3
What is the units digit of 324851?
1
What is the ten millions digit of 17368323?
1
What is the ten millions digit of 12627470?
1
What is the hundred thousands digit of 614664?
6
What is the hundred thousands digit of 5077751?
0
What is the hundreds digit of 1647326?
3
What is the units digit of 472244?
4
What is the thousands digit of 2479?
2
What is the ten thousands digit of 9660730?
6
What is the thousands digit of 78041?
8
What is the hundreds digit of 33962?
9
What is the ten thousands digit of 283494?
8
What is the tens digit of 9545648?
4
What is the units digit of 1332771?
1
What is the hundred thousands digit of 28565257?
5
What is the hundred thousands digit of 158557?
1
What is the thousands digit of 7599799?
9
What is the ten thousands digit of 5715766?
1
What is the units digit of 5227416?
6
What is the hundreds digit of 4312126?
1
What is the units digit of 995204?
4
What is the hundred thousands digit of 14005108?
0
What is the units digit of 1128826?
6
What is the hundreds digit of 216596?
5
What is the thousands digit of 262471?
2
What is the tens digit of 18526778?
7
What is the thousands digit of 17679179?
9
What is the millions digit of 9750744?
9
What is the ten thousands digit of 302345?
0
What is the units digit of 6190707?
7
What is the hundreds digit of 701872?
8
What is the hundred thousands digit of 308455?
3
What is the ten thousands digit of 2588982?
8
What is the units digit of 1648702?
2
What is the ten thousands digit of 601077?
0
What is the hundreds digit of 3769?
7
What is the units digit of 213140?
0
What is the units digit of 18421079?
9
What is the units digit of 824640?
0
What is the thousands digit of 402014?
2
What is the thousands digit of 1170820?
0
What is the ten millions digit of 13103807?
1
What is the thousands digit of 9844420?
4
What is the tens digit of 3154603?
0
What is the ten millions digit of 15731905?
1
What is the hundred thousands digit of 634058?
6
What is the tens digit of 282330?
3
What is the ten thousands digit of 344904?
4
What is the tens digit of 119570?
7
What is the hundreds digit of 120808?
8
What is the millions digit of 5545896?
5
What is the ten thousands digit of 118162?
1
What is the ten thousands digit of 3288821?
8
What is the units digit of 2695387?
7
What is the ten thousands digit of 34947838?
4
What is the ten thousands digit of 50452?
5
What is the ten thousands digit of 45946?
4
What is the tens digit of 8259637?
3
What is the tens digit of 3873476?
7
What is the units digit of 1213658?
8
What is the thousands digit of 4050990?
0
What is the hundreds digit of 1151681?
6
What is the tens digit of 296778?
7
What is the units digit of 6391039?
9
What is the tens digit of 15992415?
1
What is the ten thousands digit of 9073902?
7
What is the units digit of 707184?
4
What is the hundred thousands digit of 139980?
1
What is the ten thousands digit of 2685072?
8
What is the thousands digit of 5796782?
6
What is the hundred thousands digit of 1074735?
0
What is the tens digit of 4147837?
3
What is the thousands digit of 1433712?
3
What is the units digit of 344424?
4
What is the units digit of 2606824?
4
What is the thousands digit of 5109648?
9
What is the ten thousands digit of 2224462?
2
What is the units digit of 305883?
3
What is the tens digit of 1348920?
2
What is the hundreds digit of 11946228?
2
What is the ten thousands digit of 2071718?
7
What is the thousands digit of 106397?
6
What is the ten thousands digit of 8096062?
9
What is the ten thousands digit of 397490?
9
What is the units digit of 9299873?
3
What is the tens digit of 1373210?
1
What is the tens digit of 1674363?
6
What is the ten thousands digit of 3380019?
8
What is the tens digit of 13266360?
6
What is the hundreds digit of 538644?
6
What is the hundreds digit of 146495?
4
What is the units digit of 1085896?
6
What is the hundred thousands digit of 4345926?
3
What is the hundreds digit of 58277?
2
What is the hundreds digit of 2106601?
6
What is the tens digit of 1575723?
2
What is the tens digit of 1842357?
5
What is the hundred thousands digit of 153359?
1
What is the thousands digit of 44208?
4
What is the millions digit of 1354350?
1
What is the hundreds digit of 3890935?
9
What is the ten thousands digit of 5485681?
8
What is the hundreds digit of 13646178?
1
What is the hundreds digit of 1974143?
1
What is the millions digit of 3282119?
3
What is the thousands digit of 2277159?
7
What is the thousands digit of 44508?
4
What is the units digit of 200147?
7
What is the ten thousands digit of 36152?
3
What is the thousands digit of 33954?
3
What is the hundred thousands digit of 632490?
6
What is the tens digit of 298636?
3
What is the ten thousands digit of 600801?
0
What is the thousands digit of 6972868?
2
What is the hundred thousands digit of 345658?
3
What is the thousands digit of 108030?
8
What is the ten thousands digit of 9933886?
3
What is the ten thousands digit of 3521164?
2
What is the millions digit of 5516934?
5
What is the hundreds digit of 3363597?
5
What is the thousands digit of 123120?
3
What is the thousands digit of 751481?
1
What is the millions digit of 31032395?
1
What is the hundred thousands digit of 7211883?
2
What is the ten thousands digit of 661979?
6
What is the ten thousands digit of 313295?
1
What is the thousands digit of 69360?
9
What is the thousands digit of 472124?
2
What is the thousands digit of 104